(u) = u**2 - 8 - 39 - 26 + 28. Calculate o(0).
-45
Suppose 0 = -0*v - 2*v - 6, 3*v = 5*n - 19. Let j be 5/(8 - -2)*(-44 - n). Let d = 24 + j. Let h(c) = -10*c**3 + 2*c**2 - 1. Give h(d).
-9
Let j(u) be the first derivative of u**2 - 12*u - 94. Suppose -l - 2*i - 1 = 2*i, 5*l + i - 52 = 0. Suppose 3*f + 2*d - 25 = 0, 4*d + l + 2 = f. Determine j(f).
6
Let d(l) = l - 1. Let i(t) = -t**3 + 9*t**2 - 15*t + 18. Let k(j) = 6*d(j) + i(j). Let m be (-3)/(-15) - 19/(-5). Let h be 4/(2 + (-6)/m). Determine k(h).
4
Let y = -526 - -648. Let b = y + -132. Let t(r) be the first derivative of -r**4/4 - 3*r**3 + 5*r**2 - r + 1. Determine t(b).
-1
Let i(r) = 2*r**3 - 30*r**2 - 3*r + 51. Let j(n) = -10*n**3 + 149*n**2 + 15*n - 250. Let m(w) = -29*i(w) - 6*j(w). Calculate m(12).
-15
Let s(g) be the third derivative of g**5/6 + 5*g**4/24 - 5*g**3/6 - 1550*g**2 - 1. Determine s(2).
45
Suppose 5*c - 3*c = -5*l + 73, 3*c = 5*l - 53. Suppose l = a - 6. Suppose -4 = -5*t - a. Let y(h) = -h**3 - 5*h**2 - 3*h + 1. Give y(t).
-8
Let d(v) = -2*v + 17. Let z(c) = 2*c - 17. Let p(f) = 3*d(f) + 2*z(f). Determine p(5).
7
Let f(m) = -37*m**2 - 4*m + 1663. Let n(s) = 13*s**2 + s - 587. Let z(i) = 6*f(i) + 17*n(i). Suppose 0 + 14 = -2*l. Determine z(l).
-1
Let t = 59 - 54. Let l(m) = 4*m - 1 + t*m**2 + 20*m**2 + 3 - 22*m**2. Let i = -12 + 9. Calculate l(i).
17
Let u(z) be the first derivative of -z**4/4 + 3*z**3 + 9*z**2/2 - 7*z - 2683. Give u(10).
-17
Let p(k) = -k + 4. Let m be (2/(4 - 6))/(-1). Let r be (0 + -1)/(m/23). Let g = r - -28. Determine p(g).
-1
Let o(c) = 13*c**2 - 1. Suppose -5*w + 29 = 3*f, 5*w + 3 = -16*f + 17*f. Let r(l) = l**3 - 6*l**2 - 14*l - 17. Let t be r(f). Give o(t).
12
Let k(y) = -7*y + 9. Let s(i) = -i + 1. Let z(l) = -k(l) + 6*s(l). Let n be (-3078)/(-133) + -27 - (-3)/(-21). What is z(n)?
-7
Let c = -14145 - -14181. Let i(o) = o - 39. Determine i(c).
-3
Let a(v) = -8*v**3 + 4*v - 3. Let j(o) = 178*o - 889. Let g be j(5). Determine a(g).
-7
Let v(m) = 6*m**3 + 10*m**2 + 32*m - 13. Let t(h) = h**3 + 2*h**2 + 6*h - 3. Let a(w) = -11*t(w) + 2*v(w). Calculate a(3).
10
Let g(q) = 2*q. Let u(c) = -4*c. Let h(y) = 5*g(y) + 2*u(y). Let n(f) = -2 - 5 - 26*f + 11*f + 12*f. Let a be n(-4). What is h(a)?
10
Let h(b) = 5*b**2 + 2*b + 7. Let a(u) = 15*u**2 + 6*u + 20. Let n(x) = 6*a(x) - 17*h(x). Suppose 26*w - 11*w - 18 = 12. Determine n(w).
25
Let k(i) = i**3 + 2*i**2 - i + 3. Suppose 0 = 865*l - 864*l - 73. Let r be l - 70 - 4/((-4)/(-3)). What is k(r)?
3
Suppose 3*p - 358 = -316. Suppose d = -5*g - 33, 4*d = p - 6. Let r(f) = 2*f + 5. Calculate r(g).
-9
Let d(f) be the second derivative of f**4/12 + 3*f**3 - 7*f**2 - 8*f + 11. Determine d(-17).
-31
Let q = 1227 + -1233. Let f(n) be the first derivative of n**2 - 4*n + 1. Determine f(q).
-16
Let a(y) = -5*y**2 + 4*y + 1. Let x(k) be the third derivative of -k**6/120 + 3*k**5/5 + 5*k**4 - 20*k**3 + 73*k**2. Let w be x(39). Give a(w).
-56
Let z(q) = 20*q**3 - q. Let k = 2 - 1. Let u be z(k). Let n(m) = -2*m - u + 8 + 2. What is n(-10)?
11
Let w(o) = -6*o - 8. Let y be w(-4). Let b = y + -8. Let v(p) = 5*p**2 - 2*p - 11. Let m(s) = -s**2 + 2*s. Let j(t) = -6*m(t) - v(t). Give j(b).
-5
Let x(g) be the second derivative of g**6/720 - g**5/15 + g**4/12 - 11*g**2/2 - 19*g. Let f(j) be the third derivative of x(j). Give f(8).
0
Let z(r) = r**2 - 45*r - 613. Let y be z(56). Let j(u) = 4*u**2 - 4*u + 1. Give j(y).
25
Suppose -17*v + 30 = -12*v. Let l be (2 - 3)/((-2)/v). Let d(g) = g**2 - 4*g + 1. Determine d(l).
-2
Let y(w) = 5*w + 39. Let p be y(28). Let v = p + -177. Let a(f) = 2*f**2 - 3*f. Give a(v).
2
Let u(y) = 2*y**3 + y**2 - y - 5. Suppose 52 = 16*d + 52. Calculate u(d).
-5
Let s(y) be the first derivative of 7*y**2/2 - y + 3. Let i = -6650 + 6646. Determine s(i).
-29
Let i(p) = -10*p + p**2 - 9 - 5*p**2 - 26 - 71*p**3 + 70*p**3. Let h be i(-4). Let l(t) = t**2 - 3*t - 11. Calculate l(h).
-1
Let c(n) = -4*n**2 + 4899*n - 9801*n + 5 + 4907*n + 3*n**2. Let m(z) = -3*z**3 - 2*z**2 + z + 2. Let b be m(-2). Suppose -1 = 3*k - b. Determine c(k).
5
Let z(k) = 2*k**2 + 10*k - 22. Let n be -2 - (26/(-13) + 7). Determine z(n).
6
Let d(k) = -k**3 + 5*k**2 + 6*k + 5. Suppose -28 = -4*p + 2*h, 4*p + 0*h + 2*h = 12. Suppose 20 = -b - 3*b, -p*b - 56 = a. Let t = 37 + a. Determine d(t).
5
Let v(c) be the third derivative of 2*c + 2*c**3 + 0 + 24*c**2 + 1/24*c**4. Determine v(-15).
-3
Suppose -2*v = s - 16, v - 9 = -2*s + 8. Let o(h) = -h**3 + 5*h**2 + 5*h. Let a be o(s). Let m(t) = -t**2 - 9*t - 8. Calculate m(a).
10
Let w(c) be the first derivative of -4*c**2 - 38*c + 23. Let f be w(-5). Let x(m) = -3*m**2 + 157 - 76 - 78 - f*m. Determine x(2).
-13
Let l(g) = -892 - 43 - 56*g - 97*g + 22*g + 14*g. Determine l(-8).
1
Suppose x = -4*x - 5*y - 5, -5*x - 4*y = 2. Let z(p) = p - 11 + 0*p + 1097*p**2 + p**3 - 1106*p**x. Determine z(9).
-2
Let s(a) = -2*a**3 - a. Suppose 0 = 1447*l - 1451*l. Suppose l = -18*p + 22*p + 4. Calculate s(p).
3
Let u(o) = -68*o - 357. Let l be u(-12). Let k = -452 + l. Let z(m) = -m**3 + 6*m**2 + 7*m - 7. Determine z(k).
-7
Let l(t) = -t**2 + 3. Let h = -14 + 16. Suppose -i = -0*i - h*i. What is l(i)?
3
Let h(i) = 3*i**2 + 19*i. Let z = -10891 + 10883. What is h(z)?
40
Let i(l) = 5*l**2 + 50*l - 50. Let w(j) = -j**2 - 11*j + 12. Let m(u) = -2*i(u) - 9*w(u). Determine m(-6).
-38
Let s(k) be the second derivative of -5/12*k**4 - 59*k - k**2 + 0 - 1/20*k**5 + k**3. Give s(-6).
-2
Let j(o) be the first derivative of o**3/3 + 3*o**2 + o - 183. Let a(i) = -6*i + i**2 - 2*i + i + 6. Let r be a(4). Determine j(r).
1
Let o be (35 - 2)*24/(-90) + (-8)/(-10). Let y(v) = v**2 + 24*v + 125. Calculate y(o).
-3
Let v(a) = a**3 + a**2 - 1. Let u(w) = 3*w**3 - 15*w**2 + 17*w - 66. Let c(h) = -u(h) + 4*v(h). Let s be c(-20). Let t(b) = -b**2 + 8*b - 5. Determine t(s).
7
Let o(s) = 0 - 5*s - 3 + 5. Let c = 20795 + -20791. What is o(c)?
-18
Let k(t) = -6*t - 109. Suppose 680*r = 679*r - 15. Determine k(r).
-19
Let y(o) = -9 + 3*o - 6 + 11. Suppose 69 = j + 67. Suppose -j = -z + 2, -2*k + 6 = -z. What is y(k)?
11
Let s(z) = -2*z**3 - 5*z + 14 - 6*z - 87514*z**2 + 87535*z**2. Let g(v) = -v**2 + 8*v - 5. Let t be g(5). Calculate s(t).
4
Let a be 56/12 + 2 + 7/21. Let m be (-5)/(20/(-32)) + -3. Let i(v) = -2*v**2 - m - v**3 + 5*v + 3*v + 8*v**2. Determine i(a).
2
Let g(c) be the third derivative of -1/60*c**5 - 203*c**2 + 1/4*c**4 + 1/2*c**3 + 0*c + 0. Suppose -2*u - 5*b = -0*b - 11, -5*u + 16 = b. Determine g(u).
12
Let z(g) = -g**3 + 11*g**2 - 10*g - 11. Suppose -11*n + 8*n = 3*p + 3, -4*p = 5*n + 5. Let x(d) = 7*d**2 - 7*d - 4. Let j be x(n). Determine z(j).
-11
Let o(x) be the third derivative of -x**7/840 + 7*x**6/360 - x**5/20 - x**4/12 - 121*x**3/6 + 83*x**2. Let j(s) be the first derivative of o(s). Calculate j(6).
-2
Let r(j) = 2*j + 2. Let m(i) = 43*i - 68. Let l be m(2). Suppose 2*q - l = 2*h, 0 = 4*h - 2*q - 37 + 63. What is r(h)?
-6
Let c(h) = -5*h + 45. Let j(d) = -3*d**2 + 64*d - 120. Let l be j(19). What is c(l)?
-20
Suppose 3*w - 16 = -5*h, -6 = w - 4*h - 0. Let c be 0*(-2 + (-20)/(-8)). Let p(b) = w + c + 2*b + 5*b - 2*b. What is p(-6)?
-28
Let y(v) = v**2 + 6*v - 6. Let s be y(-7). Suppose 2*k - 3 - s = 0. Let j(z) = -z**k - z + 3 + 4 + 0*z + 3*z. What is j(5)?
-8
Let f(p) = -11 - 430*p + 37 + 432*p. What is f(-14)?
-2
Suppose -5*u + k = -4*k - 200, -2*k = 2*u - 64. Let p = 39 - u. Let f(y) be the second derivative of y**4/6 - 2*y**3/3 + y**2/2 + 3*y. Give f(p).
7
Let n(g) = -g**3 - 10*g**2 - 14*g - 15. Suppose -37*d = -48*d - 66. What is n(d)?
-75
Let i(z) = z**2 - 98*z - 1086. Let h be i(-10). Let o(k) be the third derivative of 0 - 1/60*k**5 - 1/3*k**4 - 1/6*k**3 - k**2 + 0*k. Calculate o(h).
11
Let n be 3 + (0 + -3)/3. Let f(l) = 7 - 5*l + l**3 + 5*l**n + 0*l**2 - l**2. Let t(q) = -3*q - 32. Let r be t(-9). Determine f(r).
7
Let j = 163 - 152. Suppose 0 = -d + 1, 2*v + 0*v + 5*d - j = 0. Let h(r) be the second derivative of -r**5/20 + r**4/4 + 2*r**2 - 3*r. Calculate h(v).
4
Let f = -26549 - -26552. Let d(p) = -24*p + 70. What is d(f)?
-2
Let z(f) = -9*f**2 - 16*f**3 - 34*f**2 + 49*f**2 + 7 - 7*f + 15*f**3. Let a = -5 + 10. Determine z(a).
-3
Let k(i) be the first derivative of -1/4*i**4 + 5/3*i**3 + 3